/(7 - 5). Let n(q) = -4*q**3 + 5*q**3 + 13*q**2 - 3*q**j. Determine n(-10).
0
Let v(y) be the third derivative of -y**6/120 + y**5/30 - y**4/24 - y**3/3 - y**2. Suppose 7*t - 11*t + 12 = 0. Let i be -3*(-2)/9*t. Calculate v(i).
-4
Let n(a) = -6*a - 13. Let q be n(-4). Suppose -v = 2*z - 5 + 8, 4*z + 3*v = -q. Let c(x) = x**3 - 3*x**2 + x. What is c(z)?
-1
Suppose 2*p = 5*l + 37, -3*p + 0*l + 3*l + 33 = 0. Let y be 1 + 1 + p + -5. Let k(m) = -9*m**3 + m**2 + 6 + 10*m**y - 2*m**2. Give k(0).
6
Let b(y) be the first derivative of y**2 + 32*y + 65. What is b(-16)?
0
Suppose 0*k - 28 = -7*k. Suppose 0*w + k*w - 12 = 0. Let p(b) = 2*b - 4. What is p(w)?
2
Let x = 2 + -2. Let o = -14 + 16. Let w(p) = -14 + 2*p**2 + 3*p**2 - p**3 + 13 - 4*p**o. What is w(x)?
-1
Suppose 19*g = -2*g - 105. Let b(v) = 3*v + 5. What is b(g)?
-10
Let l(r) = r - 14. Let k(z) = 4*z**2 + 20*z + 8. Let a be k(-5). What is l(a)?
-6
Suppose -a - w = -10, 9 = 4*a - 3*w - 3. Suppose 44 = 20*c + 2*c. Let g(f) = 0*f**3 + f - 2*f**c + 8 + 4*f**2 + 4*f**2 - f**3. Give g(a).
14
Let z be 4/(-22) - (-24)/132. Let w be z/3*(1 + 0). Let y(g) = -g**2 - 7. Determine y(w).
-7
Suppose 14*n + 2*n = 336. Suppose n = 6*h - 9*h. Let o(m) = m + 4. Determine o(h).
-3
Let j be (1 - 32/12)*-3. Suppose 3*t = -j*z + 22, 4*t + 5*z - 30 = -t. Let m(k) = -5*k - 2*k + k - k**2 - t. Give m(-6).
-4
Suppose a = 5*a - 8. Let l(n) = -n**3 - 4*n**2 - n - 1. Let g be l(-4). Let q(j) = j**2 + 4 - g*j + 4*j - 8 + 5. Give q(a).
7
Let g(q) = -27*q + 23*q + 5*q + 21*q. Determine g(2).
44
Let s(r) = r**2 + 8*r + 2. Let f(n) = -n**2 + 6*n + 10. Suppose 2*t - 2 - 14 = d, -5*d - 40 = -5*t. Let x be f(t). Give s(x).
-10
Let g be (-17)/((-68)/(-72))*(-4)/3. Suppose 2*q - 5*q + g = 0. Let k(m) = -m**2 + 9*m - 7. Calculate k(q).
1
Let u(i) = 6*i - 22. Let f be u(4). Suppose -4*s - r + 14 = -3*r, -f*s - r + 13 = 0. Let k(q) = 2*q**2 - 5*q - 6. What is k(s)?
19
Let f(a) be the second derivative of 0*a**2 + 0 - 2*a - 13/6*a**3. Suppose 5*b + 5*p + 0*p = 25, 4*p - 13 = 3*b. Determine f(b).
-13
Let j(r) = -6 + 4*r - 4*r - 4*r**2 - 2*r - r**3. Suppose -2*p + 600 = 3*p - 3*q, q - 251 = -2*p. Let d = p - 127. What is j(d)?
2
Suppose -107*q = -108*q + 2. Let m(i) be the first derivative of i + 1/2*i**q + 1/3*i**3 + 1. Calculate m(2).
7
Let q(v) be the second derivative of v**7/2520 + v**6/720 - v**5/60 + v**4/12 + 12*v. Let p(y) be the third derivative of q(y). Determine p(2).
4
Let p(n) = n - 5. Let l be p(6). Suppose -4*q + l + 3 = 0. Let z(a) = a + q + 3*a - 2*a + 1. Calculate z(5).
12
Let u(o) = -o**3 + 3*o**2 + 3*o + 3. Let a = 24 + -20. Let z be u(a). Let i(g) = -2*g + 1. What is i(z)?
3
Suppose 5*d = -4*j + 25, -j = -3*d - 0*d - 2. Let h = -4 - -7. Let s(z) = h + 2*z**3 + z - 7 + 3. Calculate s(d).
2
Let b(j) be the first derivative of -j**5/60 - j**4/12 - 8*j**3 - 30. Let w(x) be the third derivative of b(x). What is w(-3)?
4
Let r(q) = q**3 + 3*q**2 + 6*q + 4. Let p(w) = -w**3 - w**2 + w + 1. Let m(c) = -p(c) + r(c). Determine m(-3).
-30
Suppose -5*r = 31 - 11. Let z(q) = -81*q + 1 - 85*q + 248*q + 1 - 80*q. What is z(r)?
-6
Let j be 2 + 1 + (1 + 3)/2. Suppose j*n + 2 = -8. Let b(x) = x**3 + x**2 - 2*x - 2. Give b(n).
-2
Let g be ((-1)/(-2))/(2/(-12)). Let r(v) = -2*v + 893 - 1777 + 888. What is r(g)?
10
Let r(g) = -5*g**2 + 12*g - 2. Let b(m) = 10*m**2 + 406 - 13*m - 4*m**2 - 404. Let a(n) = -6*b(n) - 7*r(n). Determine a(-5).
7
Let w be (13 + -8)*8/10. Suppose -1 + 13 = w*h. Let l(x) = x**2 - 3*x + 4. Calculate l(h).
4
Let k(z) = -z**3 + 4*z**2 + 11. Let a be 234/(-45)*(-1 + -4). Let t(s) = 6*s**3 + s - 26*s**2 + 7*s**2 - 30 - a. Let h(y) = -11*k(y) - 2*t(y). Calculate h(-6).
3
Let r(v) = 1 - 6 + v - 2*v - 4 + 2*v**2. Let j be r(3). Let g(o) = -o**2 + 8*o - 5. Calculate g(j).
7
Let g(p) = -p**2 + 8*p + 1. Let d = 252 - 246. Calculate g(d).
13
Let v(u) = 4*u**3. Suppose 7*r + 17 = -10*r. Give v(r).
-4
Let w = -52 - -47. Let g(q) = -9*q - 6. Let d(o) = -8*o - 5. Let r(h) = w*d(h) + 4*g(h). What is r(-1)?
-3
Let d(n) = 6*n**2 + 11*n - 21. Let r(y) = 5*y**2 + 7*y - 23. Let o(h) = -4*d(h) + 5*r(h). Determine o(11).
-9
Let p(t) = t**2 - 2*t - 2. Let g = 386 + -389. What is p(g)?
13
Let k(l) = -6*l - 2. Suppose 5*z + 750 = 775. Determine k(z).
-32
Let w = 22 - 22. Suppose 0 = -w*o + 4*o. Let r(p) = -6*p - 4*p + 4*p + 9 + 7*p. Calculate r(o).
9
Suppose -5*i = -6*a + 2*a - 10, -2*i - 4*a + 4 = 0. Suppose i = -4*s + 22. Suppose s*u = 8 + 12. Let j(t) = -t**3 + 4*t**2 + 3*t - 2. Give j(u).
10
Let q = 120 - 86. Let r be 5/(-20) + (-1 - q/(-8)). Let l(k) = k**2 - 6*k. What is l(r)?
-9
Suppose -18*r + 51 = -35*r. Let b(q) = 3*q. Calculate b(r).
-9
Let l(r) = 128*r - 121. Let z be l(1). Let h(w) = 9*w - 15. Determine h(z).
48
Suppose 0*d = -2*d - 12. Let l(z) = -2*z**3 - 12*z**2 + 2*z + 3. Let i(g) = g**3 + 6*g**2 - g - 1. Let f(b) = -7*i(b) - 4*l(b). Give f(d).
1
Let s(n) = -n**3 - n**2 + 4*n + 2. Let b(j) = 2*j**2 + 43*j + 18. Let y be b(-21). Calculate s(y).
8
Suppose 0 = -8*q - 0 + 8. Let i(a) = 11*a**3 - a**2 + a - 1. Determine i(q).
10
Let u(r) = 46*r - 5*r**3 - 9*r**2 - 35*r + 4*r**3 + 2. Let m = 65 + -75. Calculate u(m).
-8
Let i = 136 + -143. Let j(f) = f**3 + 8*f**2 - 3*f. Let y(b) = 3*b**3 + 25*b**2 - 8*b - 1. Let u(c) = 7*j(c) - 2*y(c). Calculate u(i).
-12
Let y(c) = c**2 + 5*c - 7. Let m(o) = o**2 + 11*o + 12. Let z = 8 + -18. Let t be m(z). Let v be ((-5)/(-5))/(t/(-12)). Give y(v).
-1
Let p(y) be the first derivative of -y**3/3 + 5*y**2/2 - 5*y + 80. Determine p(3).
1
Suppose -c + 342*o + 4 = 347*o, 5*o = 0. Let p(x) be the second derivative of x**2 + 0 + 1/12*x**c - 12*x - 1/3*x**3. What is p(2)?
2
Let j(b) = b**2 + 1. Let v = -1158 + 1158. Determine j(v).
1
Let b = -206 - -189. Let f(o) = o**3 + 17*o**2 + 6. Calculate f(b).
6
Let z(m) = -2*m + 8. Suppose -174 = -25*j - 4*j. Determine z(j).
-4
Let s(i) = 338*i - 339*i + 15 - 19. Suppose 4*f + 4*c - 8 = 0, f = 2*f - 5*c + 28. What is s(f)?
-1
Let f(u) be the first derivative of -u**2 - 11*u + 107. Calculate f(-8).
5
Let c(d) = d**2 - 1 + 344*d - 331*d - 4. What is c(-16)?
43
Let p(f) = -f**3 - f**2 - 11. Let m(i) = -4*i**2 - 8*i. Let v(n) = 3*n**3 + 3*n**2 + 3*n + 1. Let g be v(-1). Let q be m(g). Give p(q).
-11
Let t(d) = -2*d + 1. Let b = 425 - 431. What is t(b)?
13
Let s(c) = -11*c**2 + c + 3. Let b(d) = -2*d**2 - d - 1. Let x(j) = -6*b(j) + s(j). Give x(-7).
9
Let t(v) = v - 1. Let h = -1022 - -1029. Give t(h).
6
Let l(b) = 3*b - 1. Let h be l(2). Suppose 10*s = -11*s + 63. Suppose -s*u + h*u + 6 = 0. Let j(o) = -2*o**2 - 3*o + 3. Calculate j(u).
-6
Let f(y) be the first derivative of y**4/12 + y**2/2 - 10*y - 16. Let m(k) be the first derivative of f(k). Determine m(0).
1
Let b(s) = -23*s - 21. Let t be b(-1). Let m(i) be the first derivative of -3/2*i**t - 2 - 2*i + 1/3*i**3. What is m(3)?
-2
Let s(g) be the second derivative of 1/20*g**5 - 13*g + 1/6*g**3 + 2*g**2 - 5/12*g**4 + 0. Determine s(4).
-8
Let x(t) = 4*t + 2. Suppose 0 = -a + 2*g - 9, 4*g - 20 = 6*a - 2*a. Let j be a*(2 - (-1 + -2)). Give x(j).
-18
Let r(f) = f + 6. Let p(o) = -8*o + 2. Let c be p(-1). Suppose 3*g + c = 1. Determine r(g).
3
Let x(f) = f**3 + 7*f**2 - 5 - 1 + 6*f + 0*f**2 + 0. Let b(h) = -h**3 - 6*h**2 - 7*h. Let d be b(-3). What is x(d)?
-6
Let r(t) = -2*t**3 - t**2 + 3*t + 7. Let l be r(-3). Let a(z) = 3*z**2 - l + 62 - 4*z**2. What is a(0)?
19
Let c(a) = -12*a**2 - a. Let k = 50 - 46. Suppose -4*f = 0, 0*f - k*f + 2 = 2*x. What is c(x)?
-13
Let o(i) = -i**2 + 1. Let f be 10/14 - 10/(-35). Let g(w) = -w**3 + 10*w**2 - 4. Let b(n) = f*g(n) + 6*o(n). Calculate b(4).
2
Let t(n) be the first derivative of -3*n**2/2 + 10*n - 505. Let l(f) = -f**3 + 5*f**2 + 8*f - 5. Let p be l(6). Calculate t(p).
-11
Let f(w) be the first derivative of w**2/2 + 6*w + 1. Let i be 9 + 4/8*-30. What is f(i)?
0
Suppose 3*a + 12 = 9*a. Let s(h) = 128*h**a - 3*h - 67*h**2 - 62*h**2. What is s(-3)?
0
Suppose 4*z + 4*w - 11 = 41, 5*z - w - 65 = 0. Let p(c) = z + c - 13 + 10. Determine p(-6).
4
Let t(u) be the third derivative of -u**6/120 + u**5/10 - u**4/3 + u**3/2 - 626*u**2. Calculate t(5).
-12
Suppose -5*s - 7 = 3*k - 4*s, 3*k - s - 1 = 0. Let i(l) = 4*l**2 - 6*l**2 + 0*l**2. What is i(k)?
-2
Let a(h) = 5*h**3 -